 11 is divided by f(22)?
3
Suppose -35*k + 7776 = 1161. What is the remainder when k is divided by 33?
24
Suppose -26 = 3*f + 2*f + 3*l, -f + 2*l = 0. Let s be (-455)/(-21) - f/(-6). Calculate the remainder when 18 is divided by 33/2*14/s.
7
Let d be (3/(-12))/((-52)/(-16) + -3). Calculate the remainder when 71 is divided by -3 - (1/d - 38).
35
Let k be 7 + -6 - 752/2. What is the remainder when k/(-15) - (-4)/(-2) is divided by 13?
10
Let b be 5 - (-4 + 3)*-3. Let q(k) = 11*k**2 + 11*k**b + k**3 + 13 - 16*k**2 - 4*k. Calculate the remainder when q(-6) is divided by 20.
17
Let m = -109 + 124. Suppose 3*p - 2*k = -15 - 15, 3*p + 3*k + 45 = 0. Let y = -3 - p. Calculate the remainder when m is divided by y.
6
Let r = -5 + 6. Let c(z) = 6*z**2 - z. Let w be c(r). Suppose 0 = -3*t + h + 28, -t + 0*t + 4 = w*h. What is the remainder when 35 is divided by t?
8
Let a = 128 - 67. What is the remainder when a is divided by 11?
6
Let m(u) = u**3 - u**2 + u + 3. Let b(t) = -t**2 + 7*t + 2. Let o be b(6). Suppose 7*j - o = 5*j. What is the remainder when j is divided by m(0)?
1
Calculate the remainder when (-702)/(-10) - (-18)/(-15) is divided by 2.
1
Let u be 18/(-12)*20/6. Let r(t) = t**3 + 5*t**2 - 5*t - 2. What is the remainder when 45 is divided by r(u)?
22
Calculate the remainder when 259 is divided by (3 - (-6 - -139))/(0 - 2).
64
Suppose -6*n + 55 = -5. Suppose -x + 0*d = 3*d - n, 5*d = 5*x - 90. What is the remainder when 30 is divided by x?
14
Suppose -28 - 37 = -5*i. What is the remainder when i is divided by 1?
0
Suppose 63*d - 555 = 48*d. Calculate the remainder when d is divided by 10.
7
Let s = 177 - 120. Suppose -s = -4*t + 3*m - 3, 0 = t - 4*m - 20. What is the remainder when (-2)/(-5) + (-339)/(-15) is divided by t?
11
Suppose -10 = -24*q + 19*q. Let x be -6*q*12/(-16). Suppose -v = x - 49. Calculate the remainder when v is divided by 21.
19
Let b be (12/8)/((-6)/(-8)). Suppose -s - 24 = -b*l, -l + 4*l - 10 = -5*s. What is the remainder when 29 is divided by l?
9
Let g be -5 - 5*(-5)/(-25). What is the remainder when 67 is divided by 20/(-2)*((-10)/(-2) + g)?
7
Let z be (-2 + 2)/(-1) - -4. Suppose -57 = 2*k - 5*k + 3*x, 0 = -4*k - z*x + 36. Calculate the remainder when 54 is divided by k.
12
Suppose 10 = 2*l + 2. Let g(s) = 5*s + 4. Suppose -o = -5*j - 59, 89 + 195 = 4*o + 4*j. What is the remainder when o is divided by g(l)?
21
Let j be 16/56 - 634/14. Let y = j + 59. Calculate the remainder when 27 is divided by y.
13
Let t(g) = -g - 6. Let w be t(-6). Suppose w = 5*f - 4*f - 107. What is the remainder when f is divided by 27?
26
Let t(q) = q**3 + 28*q**2 + 92*q - 74. Suppose 425 = 5*l + 5*n, -6*l + 427 = -l + 3*n. Calculate the remainder when l is divided by t(-24).
20
Let q = 22 - 20. Suppose a + q*j + 2 = 0, j + 31 = 4*a - 4*j. What is the remainder when (a - -1)/((-3)/(-6)) is divided by 4?
2
Let j(i) = -112*i + 168. Suppose -y - 3*y = -668. Calculate the remainder when y is divided by j(1).
55
Let h(q) = -q**3 - 14*q**2 - 27*q + 8. Let t be h(-12). Let g = t - 22. Calculate the remainder when g is divided by 4.
2
Let v = -472 - -534. Calculate the remainder when 239 is divided by v.
53
Suppose -4*p = -68 - 108. Suppose -887 + 5 = -4*i - 5*s, -1100 = -5*i - 5*s. Calculate the remainder when i is divided by p.
42
Suppose -20*i - 6 = -18*i. Calculate the remainder when 13 is divided by (-7)/(2 + i) - 0.
6
Let g be (14 + 1)*(-4)/10. Let f be g/(-21) - (-44)/(-7). Let j(h) = -h**3 - 6*h**2 - 6*h - 8. Calculate the remainder when 54 is divided by j(f).
26
Suppose -4*c + 3 + 40 = x, 4*c + 62 = 2*x. Suppose 4*q + q = x. Let s(h) = -7*h**2 - 93*h + 75. What is the remainder when q is divided by s(-14)?
2
Let k(y) = -y**2 - y - 4. Let d(w) = -2*w**2 - w - 8. Let v(q) = -6*d(q) + 11*k(q). Let o = 46 - 40. Calculate the remainder when 37 is divided by v(o).
7
Let t = 194 - 178. Calculate the remainder when t is divided by 4.
0
Suppose 8*q = -359 + 527. Let w(n) be the first derivative of n**4/4 + 4*n**3/3 - 3*n**2 + 7*n - 1. Calculate the remainder when q is divided by w(-5).
9
Let c = 928 + -865. Calculate the remainder when 315 is divided by c.
0
Suppose -2*a + 120 = 116. Suppose -5*b - 5 + 35 = 0. Suppose 18 = a*g + 3*l, -3*g - 3*l - 57 = -b*g. Calculate the remainder when g is divided by 8.
7
Let m(x) be the first derivative of -x**2/2 - 8*x + 1. Let n be m(-11). Calculate the remainder when 4/6*33 - n is divided by 5.
4
Let a = -333 + 211. Let b(r) = 51*r - 5. Let j be b(-4). Let x = a - j. What is the remainder when x is divided by 30?
27
Suppose 9*v + 0 = 126. Calculate the remainder when 82 is divided by v.
12
Suppose 4*q - 86 = -2*l, -6*q = -q - 2*l - 103. What is the remainder when 377 is divided by q?
20
Suppose -967*x = -971*x + 160. Suppose -3*c = -2*c + 4*u - 18, 17 = c + 3*u. What is the remainder when x is divided by c?
12
Let y(h) = -11*h**2 + 9*h - 8. Let i(l) = l**2. Let o(q) = -5*i(q) - y(q). What is the remainder when o(5) is divided by 29?
26
Suppose 9*x - 3*x = 246. Let j = 56 - x. What is the remainder when 59 is divided by j?
14
Let w(m) = -30*m - 2. Suppose 6*v = 4*v - 2. Let o = -3 - -13. What is the remainder when w(v) is divided by o?
8
Let d(b) = b + 9. Let j be d(-8). Let q = -1 - -4. What is the remainder when 15 is divided by q/6*(17 - j)?
7
Suppose 0 = -5*d - 5*r + 320, 306 = 6*d - d - 2*r. Calculate the remainder when d is divided by 34.
28
Let t = -150 - -219. What is the remainder when t is divided by (4 - 2) + (-1 - -24)?
19
What is the remainder when 59 is divided by (170/20)/(3/12)?
25
Let l(u) = 4*u - 1. Let o = -29 + 31. Suppose 0 = -m + 3*f - 2, 5*f + o = -5*m + 12. What is the remainder when 6 is divided by l(m)?
0
Let x be (-1 + 0)*(2 - 2). Suppose x = -f - f + 82. Let v = f + -27. Calculate the remainder when 55 is divided by v.
13
Let g = -146 - -153. What is the remainder when 290 is divided by g?
3
Suppose -2*k = 4*t + 2 - 18, -t = -3. Suppose -k*l - 44 = -3*l. Suppose 124340*q = 124334*q + 54. What is the remainder when l is divided by q?
8
What is the remainder when 119 is divided by (-723)/(-27) + 14/63 + -2?
19
Suppose 0 = -6*z + 2*z + 12, 2*n - 4*z = 126. Let f = -35 + n. What is the remainder when 131 - (3 - (6 - 1)) is divided by f?
31
Suppose 0 = -2*a + a + 7. Suppose 0 = 4*l + 4*g - 500, -4*l + 4*g + 199 = -261. Suppose -9*x = -3*x - l. Calculate the remainder when x is divided by a.
6
Let j be -5 + (-44)/(-6) + 2/(-6). Suppose 3*m + j*q = 32, q + 2*q = 4*m - 20. What is the remainder when 86 is divided by m?
6
Let g(o) = 5*o + 7. Let q(f) = -24*f - 36. Let z(w) = 14*g(w) + 3*q(w). Calculate the remainder when 10 is divided by z(-8).
4
Let p(l) = 13 - l**2 - 4 + 2*l**2 + 0*l**2 - 12*l. Let d be p(10). What is the remainder when 22 is divided by 0 - 1 - (d - -2)?
6
Let l = 36 - -93. What is the remainder when l is divided by 70?
59
Let a(t) = -5*t**2 + 59*t - 14. Calculate the remainder when a(10) is divided by 8.
4
Let h(k) = 7*k**2 - 7*k + 5. Suppose 3*t + 0*t - 14 = -4*g, 2*g = -t + 6. Calculate the remainder when 93 is divided by h(t).
17
Let m = -329 + 463. Calculate the remainder when m is divided by 53.
28
Let s = -27 + 46. Let f(x) = -8*x + 25. Let d be f(15). Let y = d + 170. What is the remainder when y is divided by s?
18
Suppose 3*z + z = 2*v + 124, 4*v + 128 = 4*z. Let b = z - -4. Let o(w) = -w + 22. What is the remainder when b is divided by o(10)?
10
Let j be (65/15)/((-1)/(-18)). Let a = -48 + j. Let g = 195 - 108. What is the remainder when g is divided by a?
27
Suppose -3*b + 39 = -x - 2*x, 3*x = -12. Calculate the remainder when b is divided by (3 + -3 + -2)*(-24)/16.
0
Suppose 2*w - 3*w + t + 1169 = 0, 2*t = -4. What is the remainder when w is divided by 73?
72
Let w(z) = z**3 + 2*z**2 - 3*z - 3. Let d = -20 - -23. What is the remainder when 97 is divided by w(d)?
31
Let o be (6/(-6))/((-1)/4). Suppose 0 = 4*s - o*z - 360, -6*z + 3 = -3*z. Calculate the remainder when s is divided by 23.
22
Suppose -y = -4*g + 3, 4*g - 6*y + 10*y = 8. Calculate the remainder when 6/(-1 - (-5)/2) is divided by g.
0
What is the remainder when (-6)/(42/35) + 122 is divided by 8?
5
Calculate the remainder when (-206 - (-3 - -7))*20/(-15) is divided by 33.
16
Let j(v) = 90*v**2 - 2. L